
1
What is the tens digit of 2459610?
1
What is the ten thousands digit of 626395?
2
What is the hundreds digit of 302139?
1
What is the hundred thousands digit of 3057908?
0
What is the hundreds digit of 1308606?
6
What is the hundred thousands digit of 3849506?
8
What is the hundreds digit of 632851?
8
What is the ten thousands digit of 4105351?
0
What is the hundred thousands digit of 1122768?
1
What is the ten thousands digit of 593554?
9
What is the thousands digit of 235415?
5
What is the hundred thousands digit of 254129?
2
What is the millions digit of 6402990?
6
What is the hundreds digit of 2480195?
1
What is the hundred thousands digit of 1186475?
1
What is the ten thousands digit of 807417?
0
What is the hundred thousands digit of 2945875?
9
What is the units digit of 1237413?
3
What is the tens digit of 133485?
8
What is the units digit of 6059474?
4
What is the ten thousands digit of 9610050?
1
What is the thousands digit of 123454?
3
What is the ten thousands digit of 3597971?
9
What is the thousands digit of 781819?
1
What is the tens digit of 489787?
8
What is the units digit of 2545972?
2
What is the thousands digit of 8078?
8
What is the tens digit of 81845?
4
What is the hundred thousands digit of 140023?
1
What is the ten thousands digit of 432850?
3
What is the tens digit of 116782?
8
What is the hundreds digit of 626782?
7
What is the ten thousands digit of 309558?
0
What is the millions digit of 3056255?
3
What is the tens digit of 579403?
0
What is the tens digit of 2782757?
5
What is the ten thousands digit of 9747852?
4
What is the hundreds digit of 3082096?
0
What is the hundred thousands digit of 155792?
1
What is the ten thousands digit of 265268?
6
What is the hundred thousands digit of 925369?
9
What is the tens digit of 2598260?
6
What is the thousands digit of 794306?
4
What is the hundreds digit of 406764?
7
What is the tens digit of 6833837?
3
What is the tens digit of 195076?
7
What is the thousands digit of 3839884?
9
What is the units digit of 289356?
6
What is the hundred thousands digit of 218299?
2
What is the hundreds digit of 22324835?
8
What is the hundreds digit of 5206803?
8
What is the thousands digit of 12778096?
8
What is the hundred thousands digit of 22993284?
9
What is the units digit of 4124042?
2
What is the tens digit of 374830?
3
What is the units digit of 427815?
5
What is the thousands digit of 20072170?
2
What is the tens digit of 304179?
7
What is the hundreds digit of 17692896?
8
What is the hundred thousands digit of 667005?
6
What is the thousands digit of 16941965?
1
What is the tens digit of 855647?
4
What is the millions digit of 4416687?
4
What is the hundred thousands digit of 8549899?
5
What is the units digit of 778153?
3
What is the tens digit of 305217?
1
What is the ten thousands digit of 506065?
0
What is the hundreds digit of 175112?
1
What is the ten thousands digit of 390459?
9
What is the ten thousands digit of 265705?
6
What is the hundred thousands digit of 14433961?
4
What is the millions digit of 2060853?
2
What is the ten thousands digit of 856472?
5
What is the hundreds digit of 6891433?
4
What is the hundreds digit of 167347?
3
What is the units digit of 12462316?
6
What is the tens digit of 25593075?
7
What is the tens digit of 145190?
9
What is the tens digit of 3944631?
3
What is the hundreds digit of 476181?
1
What is the units digit of 3004562?
2
What is the tens digit of 212911?
1
What is the units digit of 283970?
0
What is the units digit of 3389457?
7
What is the hundreds digit of 1200966?
9
What is the tens digit of 990119?
1
What is the thousands digit of 128201?
8
What is the tens digit of 243883?
8
What is the hundred thousands digit of 20051332?
0
What is the thousands digit of 6473362?
3
What is the millions digit of 1312230?
1
What is the thousands digit of 23077659?
7
What is the tens digit of 13409?
0
What is the hundred thousands digit of 1312955?
3
What is the ten thousands digit of 1236417?
3
What is the thousands digit of 561444?
1
What is the hundred thousands digit of 1091093?
0
What is the units digit of 322500?
0
What is the hundreds digit of 996973?
9
What is the units digit of 94192?
2
What is the hundred thousands digit of 204451?
2
What is the hundred thousands digit of 468108?
4
What is the thousands digit of 208753?
8
What is the ten thousands digit of 5851099?
5
What is the ten thousands digit of 1950154?
5
What is the units digit of 1967323?
3
What is the thousands digit of 399289?
9
What is the ten thousands digit of 623538?
2
What is the hundreds digit of 268887?
8
What is the units digit of 29776?
6
What is the hundred thousands digit of 14532879?
5
What is the tens digit of 215447?
4
What is the thousands digit of 285200?
5
What is the units digit of 2066027?
7
What is the hundreds digit of 69978?
9
What is the tens digit of 814032?
3
What is the tens digit of 1154020?
2
What is the hundred thousands digit of 323714?
3
What is the millions digit of 4994733?
4
What is the ten thousands digit of 2537900?
3
What is the millions digit of 8792194?
8
What is the hundred thousands digit of 413391?
4
What is the units digit of 8467058?
8
What is the thousands digit of 11452846?
2
What is the units digit of 3231609?
9
What is the hundreds digit of 565723?
7
What is the thousands digit of 284033?
4
What is the millions digit of 1805892?
1
What is the units digit of 443764?
4
What is the thousands digit of 1047765?
7
What is the thousands digit of 42942?
2
What is the units digit of 40308775?
5
What is the hundreds digit of 1643594?
5
What is the units digit of 585295?
5
What is the units digit of 12395822?
2
What is the units digit of 4977569?
9
What is the hundreds digit of 809406?
4
What is the hundred thousands digit of 3433763?
4
What is the ten thousands digit of 1412808?
1
What is the units digit of 4587195?
5
What is the units digit of 12160299?
9
What is the tens digit of 688558?
5
What is the hundred thousands digit of 5478723?
4
What is the units digit of 14679725?
5
What is the tens digit of 134192?
9
What is the tens digit of 7273410?
1
What is the units digit of 366571?
1
What is the hundreds digit of 341933?
9
What is the tens digit of 9939863?
6
What is the hundreds digit of 4382175?
1
What is the hundred thousands digit of 622369?
6
What is the hundred thousands digit of 244798?
2
What is the ten thousands digit of 3328718?
2
What is the hundreds digit of 14865244?
2
What is the units digit of 2687151?
1
What is the hundreds digit of 180170?
1
What is the tens digit of 408075?
7
What is the units digit of 367271?
1
What is the ten thousands digit of 349851?
4
What is the thousands digit of 519597?
9
What is the units digit of 1124282?
2
What is the units digit of 152130?
0
What is the thousands digit of 2012476?
2
What is the hundred thousands digit of 379208?
3
What is the thousands digit of 519902?
9
What is the tens digit of 355296?
9
What is the units digit of 18404862?
2
What is the thousands digit of 396469?
6
What is the hundreds digit of 439873?
8
What is the millions digit of 4800290?
4
What is the tens digit of 4091384?
8
What is the hundreds digit of 4386332?
3
What is the tens digit of 263747?
4
What is the thousands digit of 12206512?
6
What is the tens digit of 239093?
9
What is the thousands digit of 328399?
8
What is the ten thousands digit of 222826?
2
What is the ten thousands digit of 4244162?
4
What is the ten thousands digit of 226989?
2
What is the tens digit of 3190616?
1
What is the tens digit of 2510330?
3
What is the units digit of 17264301?
1
What is the hundred thousands digit of 9067833?
0
What is the tens digit of 1594352?
5
What is the ten thousands digit of 47167?
4
What is the thousands digit of 63778?
3
What is the hundred thousands digit of 20740842?
7
What is the ten thousands digit of 8524942?
2
What is the hundreds digit of 7046743?
7
What is the units digit of 30404542?
2
What is the hundreds digit of 247751?
7
What is the hundreds digit of 796700?
7
What is the hundreds digit of 665025?
0
What is the hundred thousands digit of 2081385?
0
What is the units digit of 31638749?
9
What is the ten thousands digit of 3753777?
5
What is the units digit of 399217?
7
What is the hu